e t(-9). Suppose 5*d - 2365 = p. What are the prime factors of d?
5, 101
Suppose -2*z + 2 = a - 0*z, -z + 15 = -3*a. What are the prime factors of -7 + 935 + -5 + a?
919
Let k(m) be the third derivative of -m**4/2 + 13*m**3/3 - 25*m**2 + 2. Let d be (-79)/9 + 28/(-126). What are the prime factors of k(d)?
2, 67
Let h(c) = -c**3 + 3*c - 33. Let a be h(-8). Let d = 48 + a. List the prime factors of d.
503
Suppose 5*s + 2*a = -0*a + 6, 3*s + a = 3. Suppose 12*h - 1710 - 1710 = s. What are the prime factors of h?
3, 5, 19
Let g(u) = 85*u**2 + 7*u - 41. Let a be g(8). Suppose 4*l + 3*m - a = 0, 5*l + 0*m + 5*m - 6825 = 0. List the prime factors of l.
2, 5, 17
Suppose 0 = 27*j - 7*j + 40. Let a(s) be the second derivative of -7*s**5/20 + 5*s**4/12 + s**3/6 + s**2/2 - 4*s. List the prime factors of a(j).
3, 5
Let f be -1 - -2 - (3 - 4)/(-1). Suppose -4*k + h + 7 + 13 = f, 4 = -k - 2*h. What are the prime factors of 2/(k/(-72)*-1)?
2, 3
Suppose -50166 - 46615 = 415*o - 432*o. List the prime factors of o.
5693
Let k(r) be the first derivative of r**4/4 + 13*r**3 - 15*r**2 + 100*r + 94. What are the prime factors of k(-39)?
2, 5, 127
Let m be (-37 + 61)/(((-9)/(-28))/(-3)). Let x = m + 519. What are the prime factors of x?
5, 59
Let w be 13/39*(-3)/1. Let o(s) = -5*s**3 + 2*s**2 + 3*s + 1. Let a be o(w). Suppose p - 5*p - 434 = -2*f, -4*f + a*p = -871. What are the prime factors of f?
3, 73
Let u(g) = -4*g**3 - 20*g**2 + 72*g + 14. What are the prime factors of u(-17)?
2, 13, 487
Suppose -2*c = -5*r + 15487 - 84323, 5*c = -4*r + 172222. List the prime factors of c.
2, 67, 257
Let m be (-77 - -3)*(-2)/4. Let z(n) = 9*n + 84. What are the prime factors of z(m)?
3, 139
Let v = -229 - -231. Let c = 27 + -22. Suppose 0 = c*h - 10, -5*i = -v*h - h - 719. List the prime factors of i.
5, 29
Let j(h) = 106*h**2 - 484*h + 17. What are the prime factors of j(15)?
16607
Suppose i - 432 = 2413. Suppose 2795 = 25*b - 21*b + 5*p, 4*b - i = 5*p. What are the prime factors of b?
3, 5, 47
Let z(i) = 1. Let w(m) = -13*m + 36. Let a(l) = w(l) - 2*z(l). Let d be a(-16). Suppose -c = -6*c - f + 374, -3*c - 5*f = -d. List the prime factors of c.
2, 37
Let b = 772 + -527. Suppose -21*t - b = -26*t. List the prime factors of t.
7
Suppose -2 = -r - 6, 0 = 2*u + 2*r + 1216. Let b = 1011 + u. List the prime factors of b.
11, 37
Let q = 1971 + -551. What are the prime factors of q + (6 + -8 - 7)?
17, 83
What are the prime factors of (-6)/(-48) - (-3247935)/136?
2, 11941
Let z(f) = 10*f**3 - 4*f**2 - 308*f + 1504. List the prime factors of z(5).
2, 557
What are the prime factors of (-24870)/(-9)*((-10)/(20/(-22)) + -8)?
2, 5, 829
Let a(z) = z**2 - 243*z + 66314. What are the prime factors of a(0)?
2, 71, 467
Suppose 3*g + 5*w - 2395 = 0, 3*g + g + 3*w = 3175. Let h = g - 428. What are the prime factors of h?
2, 181
Suppose 4*x - 10153 - 11263 = 0. List the prime factors of x.
2, 2677
Suppose 0 = 4*c - 0*c + 120. Let q(x) = -43*x**2 - 172*x - 1. Let j be q(-4). What are the prime factors of -3 - (c/2 + -1 - j)?
2, 3
Suppose -52*w - 56*w + 3991472 = 1163816. List the prime factors of w.
2, 13, 19, 53
Let s(a) be the first derivative of 102*a**2 + 161*a + 15. What are the prime factors of s(4)?
977
Let f = -49 - -55. Suppose -f = 5*r - 16. Suppose 209 = 3*h + i - r*i, 5*h - 359 = -i. What are the prime factors of h?
71
List the prime factors of 1927*7*((-174)/(-783) - 7/(-9)).
7, 41, 47
Let x = 3 - 25. Let d be 40/(-220) + (0 - 4/x). Suppose 5*l + 4*q = 296, d = 4*l - 3*q + 2*q - 220. What are the prime factors of l?
2, 7
Suppose 11*a - 4*a = 112. Suppose 0 = -a*u - 2682 + 9194. List the prime factors of u.
11, 37
Let n(q) = q**3 + 17*q**2 - 44*q + 9. Suppose 0 = -k - 5*k + 618. Suppose -5*p - j = j + k, -p + j - 15 = 0. List the prime factors of n(p).
3, 41
What are the prime factors of (327288/96 + 5)/((-92)/32 - -3)?
2, 7, 1951
Let h be (4/(-6))/(0 + (-2)/72). Suppose 5*q - l - 23 = 0, q + 2*q - 4*l = h. List the prime factors of 225/18 - 2/q.
2, 3
Let o = -13335 + 28910. What are the prime factors of o?
5, 7, 89
Let i(t) = 394*t**2 - 8*t - 24. List the prime factors of i(5).
2, 3, 7, 233
Suppose 0 = 6*v - 2*v + t + 11, 2*v + 33 = 5*t. Let l be (-12614)/63 + v/(-18). Let n = 287 + l. What are the prime factors of n?
3, 29
Suppose 3733 = -2*y - 3*y + l, 3*l = -6. Let r = y + 1727. What are the prime factors of r?
2, 5, 7
Let w = 3389 + -3373. Suppose 2*c = 3*c - 540. Suppose -12*i - c = -w*i. What are the prime factors of i?
3, 5
Let t(h) be the second derivative of 7*h**5/60 - h**4 + 7*h**3/2 + 11*h. Let v(i) be the second derivative of t(i). List the prime factors of v(6).
2, 3, 5
Suppose 3*x + 2*f - 66276 = 13091, x - 26453 = -2*f. List the prime factors of x.
3, 8819
Let m(f) = 183*f - 54. List the prime factors of m(30).
2, 3, 151
Let a(d) = 6 - 8*d**2 + 0 + 16*d - 16*d. Let x(n) = -n**2 + n. Let m(p) = -2*a(p) + 14*x(p). What are the prime factors of m(-8)?
2
Let d be (-258)/(-36) - (-2)/(3*-4). Suppose 2 = -d*a + 198. Suppose 7*r - 6*r - a = 0. List the prime factors of r.
2, 7
Let x = -12385 + 18799. What are the prime factors of x?
2, 3, 1069
Let t = -14 - -17. Suppose 5*d + 4 = -f + 2, t*f - 4*d = 13. Suppose -2*l + 455 = f*l. What are the prime factors of l?
7, 13
Let n be (-6 - -10)*37/4. Let k = n - 41. List the prime factors of (2 - -2) + 39 + k.
3, 13
What are the prime factors of (-73228328)/(-2220) - 4/(-15)?
2, 16493
What are the prime factors of -896*40*(-63)/147?
2, 3, 5
Let v(a) = -a**3 - 3*a**2 - 8*a - 5. Let l(c) = 2*c + 25. Let q(r) = -r - 24. Let j(m) = 3*l(m) + 2*q(m). Let w be j(-8). What are the prime factors of v(w)?
5, 17
Let r = 91 - 89. What are the prime factors of -7*(-37 - r - 3)?
2, 3, 7
Let c(w) = -3*w - 1. Suppose -4*x = -8*x + 12. Let j be c(x). List the prime factors of (-2)/j + (-908)/(-10).
7, 13
Suppose 2*k = -2*l - 316, -2*k - 2*k + 16 = 0. Let s = 180 + l. List the prime factors of s.
2, 3
Let w = 808 + -1267. Let n = w - -787. What are the prime factors of n?
2, 41
Suppose 2*s = -0*s + 10. Suppose s*n - 2*o = -24 + 423, 0 = -5*n + o + 397. Let i = n - 41. List the prime factors of i.
2, 19
Suppose -328845 = -18*r + 79053. What are the prime factors of r?
17, 31, 43
What are the prime factors of (165/22 - 7)/(5/131650)?
5, 2633
List the prime factors of -1329*(6/(-2) + -6).
3, 443
Suppose 3482*u = -5*c + 3484*u + 66510, 5*c = 3*u + 66510. List the prime factors of c.
2, 3, 739
Let l = 656 - 286. Suppose 5*z = 3*y - 321, -4*z - l = -5*y + 165. What are the prime factors of y?
107
Let q(a) be the third derivative of -23*a**4/24 + 26*a**3/3 + 103*a**2. List the prime factors of q(-40).
2, 3
Let w = -3956 - -15722. List the prime factors of w.
2, 3, 37, 53
Let k(a) = -13*a**3 - 7*a**2 - 7*a - 10. Suppose -1002*y + 1008*y + 24 = 0. List the prime factors of k(y).
2, 3, 41
Let o(s) = -3*s**2 - 4*s - 20. Let l be o(-6). List the prime factors of l/(-32)*436 - 3.
2, 7, 101
Let f(x) = 2*x**2 + 16*x + 80. Let m be f(-8). What are the prime factors of 38464/m + (-4)/5?
2, 3, 5
Suppose -6*q = -10*q - 2*u - 10, 25 = -5*u. Suppose -4*i + 7*i = -5*f + 2030, 5*f - i - 2050 = q. List the prime factors of f.
409
Let z = 745 - -3910. List the prime factors of z.
5, 7, 19
Let t = -8 - -34. List the prime factors of 3099/15 + 3 + t/(-10).
3, 23
Let n be 15/(-25) + (-388)/(-5). Suppose -64*c = -n*c + 4576. List the prime factors of c.
2, 11
Let j be ((-332)/(-5))/((-6)/(-60)). Let k = 6 - 1. What are the prime factors of j/(-6)*(104/(-16) + k)?
2, 83
Suppose -12*q = -6*q - 126. Suppose 9*y - 37 = 152. Let k = q + y. What are the prime factors of k?
2, 3, 7
Let h(c) be the first derivative of 11*c**3 + 6*c**2 - 65*c - 84. List the prime factors of h(6).
5, 239
Let i = -15 + 10. Suppose 62 = -24*z - 10. Let a = z - i. What are the prime factors of a?
2
Let v be ((-1)/(-2))/(11/22) - 22. What are the prime factors of 11/((-231)/(-6)) - 2703/v?
3, 43
Suppose -56 - 16 = -12*o. Let p(z) = z**3 + 7*z**2 + 4*z - 6. List the prime factors of p(o).
2, 3
Suppose -8128 = 5*m - 13*m. Suppose 0 = 3*j - 5*r - m, -1680 = -2*j - 3*j - 5*r. What are the prime factors of j?
337
Suppose 387205 = -24*l + 115*l. What are the prime factors of l?
5, 23, 37
Let d(u) = 74*u**2 + 4*